ist the prime factors of c(w).
11
Let i = 133 - 89. List the prime factors of i.
2, 11
What are the prime factors of (3/(-2))/(6/(-104))?
2, 13
Let n = 376 - 186. What are the prime factors of n?
2, 5, 19
Suppose 0 = -3*k + 25 + 50. What are the prime factors of k?
5
Suppose 8*h - 793 = 167. List the prime factors of h.
2, 3, 5
Suppose -2*p - 2 - 2 = 0. List the prime factors of 14*p/(-4) + 0.
7
Let r be 98/10 - 3/(-15). Let z be -5*(12/r - 2). Suppose 3*k - 15 = -2*i + z, -4*k + 16 = -2*i. List the prime factors of i.
2
Let l = -12 - -8. Let i = -4 - l. List the prime factors of 4 - (1 - i) - -2.
5
Suppose t + 130 = 6*t. What are the prime factors of t?
2, 13
Let m(g) = 37*g + 2. What are the prime factors of m(1)?
3, 13
Suppose -7*m + 2*m = -10. Suppose m*f - 45 = -5*g, -3*g + 42 = -g - 4*f. List the prime factors of g.
11
Let x(t) = t**2 + t - 4. Let g be (-2 - -3) + 1 + 0. Let y = g - -1. What are the prime factors of x(y)?
2
Let c be (-1)/(-1 - (-3 + 1)). What are the prime factors of ((-6)/3 + c)/(-1)?
3
Let a = 42 - -47. List the prime factors of a.
89
Suppose 254 = 3*u + 65. List the prime factors of u.
3, 7
Let q = 231 + -109. List the prime factors of q.
2, 61
Let i = 90 + -55. List the prime factors of i.
5, 7
Let p be (0 + -5)*4/(-5). Suppose 0 = 3*b - b - p. Suppose -x = b*x - 9. What are the prime factors of x?
3
Suppose y + 11 = -0*q + 3*q, -3*y = -3. Suppose 102 = -2*n + q*n. What are the prime factors of n?
3, 17
Let l(c) = -3*c. Let g be (-3)/(-12) + (-5)/4. Let k be l(g). Suppose -11 = -5*m - 1, 0 = -k*a + 3*m + 27. What are the prime factors of a?
11
Suppose 3*z + 136 = -3*c + 31, -20 = c - 4*z. List the prime factors of -6 - -8 - (c + 2).
2
Suppose 5*x - 222 = -2*b, -b = -3*x - 0*b + 131. What are the prime factors of x?
2, 11
Suppose -2*x = -3*k - 3, -2*k + 5*x - 12 = 1. Suppose 5*y = -3*z + 16, -z - k = y - 5. What are the prime factors of y?
2
Let n(c) = 6*c. Let g be n(6). Suppose -j = -3*j + g. List the prime factors of j.
2, 3
Suppose -3*j - 4 - 50 = 0. Let r = j - -35. List the prime factors of r.
17
Let u = 27 + 1. Suppose 3*o + 6*j - j - 24 = 0, 0 = -4*o - 4*j + 24. Suppose c = -o*c + u. What are the prime factors of c?
7
Suppose -j - 4*q = -43, -2*q = j - 7*q - 7. List the prime factors of j.
3
Let c = -27 + 42. What are the prime factors of (-208)/(-20) + (-6)/c?
2, 5
Let k = 0 + 3. Suppose -k*l + 12 = 0, l + 18 = -o + 6*l. Suppose -6*f - 4 = -o*f, -4*v = 5*f - 39. List the prime factors of v.
11
Let b = 12 + -5. Let g(k) = -13 - 2*k**2 + 4 + k**3 - 6*k**2 - b*k - 4. What are the prime factors of g(9)?
5
Let s(g) = 52*g + 1. Let a be s(-1). What are the prime factors of (-4)/(36/a)*3?
17
Suppose 0 = k + 46 - 111. What are the prime factors of k?
5, 13
Suppose 11 = u - 4*w - w, 23 = 3*u - 5*w. Suppose u*g = -4*m + 2*g + 80, -5*m - 4*g = -96. List the prime factors of m.
2
Let j = -4 + 7. List the prime factors of j.
3
Suppose 4*y = -2 - 6. Let a be y/9 - (-101)/9. Let f(c) = -c**3 + 11*c**2 - c + 15. List the prime factors of f(a).
2
Suppose 4*w - 8 = -28. Let g(j) = j**2 + 8*j + 4. Let h be g(w). Let m = 5 - h. What are the prime factors of m?
2
Let f(h) = -h**2 + 2*h + 4. Let d be f(6). Let c = -43 - -29. Let j = c - d. What are the prime factors of j?
2, 3
Suppose 0 = -3*g - 15 - 0, -3*r - g + 112 = 0. List the prime factors of r.
3, 13
Let j(k) = -7*k**3 + k. Let y be j(-1). Suppose -b - 1 + y = 0. List the prime factors of b.
5
Let s(b) = b + 13. Let q be s(-8). Suppose -120 = -q*x + x. List the prime factors of x.
2, 3, 5
Let t(g) = 3*g**2 + 3*g + 1. What are the prime factors of t(7)?
13
Suppose 2*x - 25 = -3*x. Suppose x*q - 1 = 2*o, -6*o + 4*q = -o - 23. What are the prime factors of o?
7
Suppose -3*x + 2*y + 321 = 0, 2*x + 0*y = -5*y + 214. List the prime factors of x.
107
Let q(r) = r**3 - 7*r**2 + 8*r - 8. Let f = 1 + 1. Suppose -c = -f - 4. List the prime factors of q(c).
2
Let s be 73 + ((-4)/4 - 2). Suppose -2*t + 3*b = -s, 3*t + 0*b - 3*b = 99. List the prime factors of t.
29
Let r(a) = 5*a**2 + 12*a. List the prime factors of r(-5).
5, 13
Let d = -4 - -10. Suppose 0 = -2*n + d + 4. Suppose 2*r - r = n. What are the prime factors of r?
5
Let g = 143 - 75. List the prime factors of g.
2, 17
Suppose -6*k = -4*k - 112. Suppose -2*h - 2*h + k = 0. List the prime factors of h.
2, 7
Let l = 11 - -12. What are the prime factors of l?
23
Let y = 32 - 23. What are the prime factors of y?
3
Let d = -8 + 14. What are the prime factors of d?
2, 3
Let z(t) be the second derivative of 0 + 0*t**3 - 1/12*t**4 + 2*t + 7/2*t**2. What are the prime factors of z(0)?
7
Let g = 143 - 85. List the prime factors of g.
2, 29
Suppose h - 8 = p, -5*p - 3*h - 34 = 14. Let n(l) = 7*l - 3. Let f(d) = 6*d - 3. Let r(v) = -6*f(v) + 5*n(v). What are the prime factors of r(p)?
2, 3
Let b = 2 - 0. Suppose 4*p - r = 9, -5*p - b*r = 3 - 11. List the prime factors of 0 + ((-20)/(-2))/p.
5
Suppose 0*h = 5*h - 190. List the prime factors of h.
2, 19
Let f = -13 - -24. Let u be 0 + (f*6)/3. List the prime factors of -1*((-3)/(-1) - u).
19
Let c = 28 - 19. Let o(x) = x**3 - 9*x**2 + 5*x. What are the prime factors of o(c)?
3, 5
Suppose -3*p + 595 = 4*a + 85, 0 = 2*a + 6. What are the prime factors of p?
2, 3, 29
Let l(f) = 0 + 4*f**2 - 1 - f**3 - f - 3 + 5. Suppose 5*j + 0*j - 21 = 2*s, j - 5*s - 18 = 0. What are the prime factors of l(j)?
7
Let r be 4*1 + (-2)/2. Let d = r + 1. List the prime factors of d.
2
Suppose 72 = -v + 5*v. List the prime factors of v.
2, 3
Let j = -199 - -318. Let m = j - 68. Suppose -4*o + m = 5*v, 0 = -0*v - v + 3*o + 14. What are the prime factors of v?
11
Suppose 2*b - 1 = 3. Suppose b*v - 27 = -1. What are the prime factors of v?
13
Let s(f) = -f**3 + 9*f**2 - 10*f + 11. Let h be s(8). Let o(m) = m + 8. Let g be o(h). Suppose -18 = 2*k - g*k. List the prime factors of k.
2, 3
Let o = 26 - -1. What are the prime factors of o?
3
Suppose -5*t - 6 = 3*o - 2*o, -2*o + 5*t + 18 = 0. Let g = -18 + o. Let y = -7 - g. List the prime factors of y.
7
Suppose -18 = 3*k + 3. List the prime factors of (-2)/k + (-328)/(-28).
2, 3
List the prime factors of (-30)/6 - (-97 + 0).
2, 23
Suppose 0 = i, i + 5 - 3 = -2*u. Let h = u + 9. What are the prime factors of h?
2
Let t be 3 - (1/1 + -1). Suppose 37 = t*r - 8. Suppose 5*b = 5*o + 55, 3*o = b - 4 - r. What are the prime factors of b?
7
Let z(c) be the second derivative of -c**3/6 - c**2/2 + 2*c. Let m be z(-3). Let i(g) = 2*g + 1. List the prime factors of i(m).
5
Let s(n) = n**2 - 2*n + 4. Let j be s(4). Let c(r) = -r**3 + 12*r**2 + r - 10. List the prime factors of c(j).
2
Let k(b) = 2*b - 9. Let t be k(8). Let d(z) = -z + 9. List the prime factors of d(t).
2
Let u(n) = -n**3 - 18*n**2 + 19*n + 22. List the prime factors of u(-19).
2, 11
Suppose -3*o - o - 3*u = 16, 2*o - 3*u = -8. Let g(r) = -r**2 - 5*r + 2. Let x be g(o). Suppose -x = -2*y + 20. What are the prime factors of y?
13
Suppose 0 = 25*f - 22*f - 363. List the prime factors of f.
11
Suppose 0 = 3*k + 57. Let f = 81 + k. Suppose -2*b = 4*v - 66, -6*v = -3*v + 4*b - f. What are the prime factors of v?
2, 7
Suppose 4*b = 5*l + 1, 3*l + 5*b = 4*b + 13. Suppose l*c = -2*c + 30. What are the prime factors of c?
2, 3
Let a(o) = -2*o**2 + 4*o - 2. Let l be a(3). List the prime factors of 4/(l/(-42)) + 2.
23
Let g(y) = 3*y**2 + 48*y - 20. List the prime factors of g(-20).
2, 5, 11
Let z(o) = 2*o - 10. Let n be z(7). Suppose m + n*m + y - 99 = 0, 4*m = y + 72. What are the prime factors of m?
19
Let w(p) = -p**2 - 7*p. What are the prime factors of w(-5)?
2, 5
What are the prime factors of (14/4)/(1/46 + 0)?
7, 23
Suppose 0 = -5*g + 42 - 2. Let t = g + -6. Suppose -3*k + 12 = -t*k. What are the prime factors of k?
2, 3
Let d be (-8)/10*(3 + -28). Suppose -4*a = -d - 68. List the prime factors of a.
2, 11
Suppose 3*h = -2 + 5. Suppose -4*v = -22 - 22. Let u = v + h. What are the prime factors of u?
2, 3
Let h(s) = s**2 + s - 8. Let l be h(-6). Suppose -3*n - l + 7 = 0, 0 = -2*z + 3*n + 25. Suppose z*q - 28 = 2. What are the prime factors of q?
2, 3
Let n be (-1)/4 - 45/(-20). Suppose -2*j - b - 2*b + 3 = 0, -2*b = 5*j - 24. Suppose n*w = -w + j. What are the prime factors of w?
2
Suppose 3*a - 8 = -23. Let y = 23 + a